(-3 - -10 - 8).
13
What is 64 + 17 + -20 + -35?
26
Calculate 2 + -1 + -197 + 207.
11
Evaluate (2 - -2) + (-1 - 4 - (44 - 47)).
2
32 - (33 - 23) - -12
34
Calculate (570 - 571) + (-3 - -35).
31
What is -1 - -18 - (14 - 11)?
14
What is the value of (-45 - -64) + -9 + 2 + -18?
-6
Calculate -7 - -1 - -3 - (34 + -23 + 7).
-21
What is (-211 - -230) + (4 - (2 - 1))?
22
What is the value of -2 + 6 + -13 - 4?
-13
What is -2 - (11 - (6 - -2))?
-5
Evaluate 8 + -8 + (-4 - -14).
10
(27 - 74 - 5) + 33
-19
Evaluate 2 + 5 - (-2 - 0 - (-42 + 23)).
-10
What is the value of (-911 - -924) + -13 + -4 + 2?
-2
Calculate 22 + -4 + -15 - 28.
-25
-1 + -3 + (27 - 8) + -8
7
3 - 5 - (-3 - (-3 - (-7 + 6)))
-1
Evaluate 9 - ((1 - 2) + (-17 - -15)).
12
Evaluate -9 - (-9 + -10) - (-6 - -21).
-5
What is the value of 42 + -37 + (6 - 3 - 1)?
7
-11 - (11 - (-7 + 38))
9
Calculate -1 + -16 + 11 - (21 + -31).
4
What is -32 + (-19 - -15) - -26?
-10
What is (-24 + 9 - -20 - -5) + 4?
14
Calculate 7 - 1 - (-7 + 7 + 6).
0
Evaluate 11 + -42 + (9 + 6 - 7) + -5.
-28
What is -13 + (-14 + 50 - 20)?
3
-507 + 497 - (0 - 14)
4
What is -9 - -14 - -7 - 11?
1
Calculate (6 - (-13 - -3) - 11) + -4.
1
What is the value of -802 + 804 + 1 + -12 + 1?
-8
Evaluate 5 + (1 - 14) + -147 + 148.
-7
Evaluate -9 + (0 + 2 - -8 - (-149 - -150)).
0
Calculate (-11 - (8 - 14)) + 2 + -2 + -4.
-9
Calculate (-16 - (-14 + 17 + -18)) + (17 - 0).
16
Calculate 0 + -9 + 6 + 5 - (-9 - -3).
8
6 + 6 + -1 + -13
-2
What is (-19 - (-17 - 13)) + (-6 - 18)?
-13
Evaluate 33 + -23 + -12 - 16.
-18
Calculate 7 - (16 - (5 + -7 - 1)).
-12
-47 + 39 - (-1 + 12) - -6
-13
Evaluate 3 - (9 + -6 + 11) - -11.
0
Calculate 2 + -22 - (16 - (-19 + 46)).
-9
-5 + (10 - (-14 + 13)) + 2
8
Calculate ((-3 - -2) + 10 - 10) + 15.
14
Calculate 13 - (25 + 13 - 4) - 2.
-23
Evaluate (7 - ((-14 - -7 - -15) + -2)) + 10.
11
Calculate -1 + (-1 + 7 - (94 - 75)).
-14
What is -10 + (-7 - -39 - 14)?
8
Evaluate -1 + 2 + -4 + 0 + 6 + 9.
12
What is the value of -8 + (-6 + 8 - (10 + -29))?
13
What is the value of -24 + 59 - 53 - 16?
-34
Calculate -2 + 3 - (14 + 0 + -6) - 2.
-9
What is the value of -1 + 3 + (-8 + 13 - 2) + -3?
2
Calculate 27 + (-30 - (8 - 1)).
-10
What is 12 - -1 - (-24 + 8) - 9?
20
What is the value of (-14 - -1) + (84 - 75) - -3?
-1
What is the value of -9 + (-2 + 19 - (11 - 6 - 2))?
5
Evaluate 9 - (0 - -8 - (73 + -41 - 21)).
12
What is -7 - (-44 + 50 + 0 + -5)?
-8
-6 + 1 + (-53 - (-31 + -34))
7
-1 + (8 - 7) + 7
7
Evaluate (7 - 3) + -10 + -19 - (2 + -9).
-18
Calculate 88 + -94 + (1 - 1 - -27) + -6.
15
-22 - (5 + (-16 - -10)) - (1 - 12)
-10
Calculate 2 + 25 + 29 - 31.
25
-1 - (8 + 11 + -9 + -2)
-9
What is the value of -2 - (-1 + (-29 - 8) - (-10 - 0))?
26
10 - (9 - (1 - -11 - (-5 + 1)))
17
What is -8 - (7 - 20 - -4)?
1
What is the value of -23 + 12 + -34 + 39?
-6
Calculate (-2 + 14 - -4) + 5 + -1 + 3.
23
What is 35 - (27 + 32 + -18)?
-6
Evaluate 125 + -131 - (0 + -1) - (1 + 8).
-14
What is the value of 1 + -8 + 14 - (-5 + -1) - -7?
20
What is the value of (-2 - -15) + -17 + -4 + 5?
-3
What is the value of 18 - (-28 + 33 + 19)?
-6
Evaluate 27 + (14 - 46) + 6.
1
What is the value of (0 - (23 + -7 - (6 + 0))) + -4?
-14
What is ((-11 + 3 - -13) + -7 - 4) + -6?
-12
15 + -21 + -5 + 8
-3
What is (-1 + -2 - -8) + (-7 + -25 - -7)?
-20
(-30 - -20 - -19) + (-17 - (-3 - 0))
-5
Calculate 14 + (-4 - (2 - 15) - 17).
6
What is the value of -8 + (4 + 5 + -5 - -6) - -3?
5
What is the value of 2 - (9 + -6) - (0 - -9)?
-10
Evaluate 41 + -52 - (-3 + -3).
-5
Calculate -17 + 54 + -48 + (0 - -1) + -1.
-11
What is the value of 16 + -29 + 0 + 8?
-5
What is the value of 6 + -4 + -4 + -6 + -2?
-10
What is the value of -9 + -7 + -9 + 7?
-18
Evaluate 160 + -144 - (0 + (-2 - -3) + 6).
9
Calculate -1 + 4 + (1 - (-1 + -3)) + -1.
7
What is 1 + 3 + (-10 - 15 - -13) - 2?
-10
What is 0 + 4 + (-15 - -15) - -23?
27
What is the value of (16 - 12) + (1 - -6 - -1)?
12
Calculate -2002 + 2025 - ((-3 - -1) + -6).
31
What is the value of 53 - 25 - (6 + 0)?
22
What is the value of 16 + -8 + -2 + -2?
4
Evaluate -7 - -1 - (19 + -45 + 14).
6
Evaluate -20 + (8 + -26 + 6 - (-12 - -9)).
-29
What is the value of 15 + -3 + -1 - (12 + -2)?
1
Calculate 53 + -40 + -34 + 13.
-8
What is the value of 1 - 2 - (-3 - 16) - (1 - -6)?
11
What is the value of 19 - (10 + (7 - 12 - 3) + 9)?
8
Calculate -4 - (3 + (-46 - (-11 + -6 + 9))).
31
What is the value of -1 + -5 - ((-4 - (-3 + 11)) + -13)?
19
13 + 1 + (0 - 2) + -3
9
Evaluate 187 + -178 + (7 - (-1 + 0 + -2)).
19
What is the value of 29 - -27 - 63 - (-1 + 0 + -24)?
18
What is the value of 2 + -20 + (149 - 133)?
-2
What is the value of -3 + -22 + (38 - 4)?
9
What is -30 + 27 + 2 - -5?
4
What is (7 - 2) + (93 - 96) + (8 - -1)?
11
What is the value of (1 - 8) + 113 + -111?
-5
Calculate (7 - 2) + 19 + 5 + -10.
19
What is -6 + 7 + 4 - 3 - 7?
-5
7 - (-9 - (-8 + -7))
1
-32 + (-1 - (2 - 10)) + (224 - 225)
-26
What is 9 + 7 - (-5 + 15)?
6
Calculate -36 + -1 + (234 - 211).
-14
What is -8 - (32 - (-7 - -65))?
18
Evaluate 40 + -15 + 0 - -8.
33
Calculate (-4 - 35) + 21 + 35.
17
Calculate (-1 - (-3 - (1 - 13))) + -13 + 10.
-13
Calculate -1 + 1 - ((-3 - 4 - -1) + 8).
-2
-5 + -2 + -1 - (14 + (10 - 22))
-10
Calculate 1 + -14 - 1 - (43 - 46 - 1).
-10
What is the value of (16 - (18 - 6)) + -12 - -1?
-7
16 + (-32 - -26) + 2
12
Calculate 9 + -5 + (10 - 1) + (-2 - -1).
12
Evaluate 0 + 29 + (10 - 2 - 1 - 3).
33
Evaluate -14 - 1 - -3 - 14.
-26
What is (-2 + 1 - ((-3 - -14) + -5)) + 1?
-6
(-5 + 0 + 1 - -10) + -17
-11
Calculate -12 + 4 + 0 + 27 + -9 - 8.
2
Calculate (-2 - 0) + -306 + 332.
24
Calculate 531 + -498 - ((-2 + 2 - -7) + 2).
24
Evaluate 248 - 223 - (9 - (0 - 0)).
16
Calculate -2 - (943 + -942 - (-1 + 9 + 0)).
5
Evaluate -82 + 88 + 1 + (-1 + 2 - 1).
7
-6 + 9 + 0 + -6 + 7 + -15
-11
Calculate -17 - (10 + 3 - 15).
-15
2 - ((1 - 7) + (114 - 109))
3
(43 - 2) + (-864 - -825)
2
What is the value of 25 + -30 + (61 - 29)?
27
What is 9 + -6 - -5 - 4?
4
What is -53 + 61 + -11 - (0 + (-8 - -1))?
4
Calculate (8 - 0) + 20 + -14 + -5.
9
Calculate 7 + 9 + (4 - 13) + 3.
10
What is -7 + (7 - -3) - (27 + -15)?
-9
What is the value of 25 + 0 + -10 + 3 - 7?
11
What is the value of (2 - -35) + (21 - 3) + -26?
29
Calculate (55 - 64) + 23 + -1 + -1.
12
Calculate (3 + -13 - -23) + -3.
10
-9 + (26 - -5) + 4 + 2 + -4
24
What is the value of 357 - 372 - (-3 + -32)?
20
What is (840 - 824) + 1 + (-1 - 2)?
14
-29 + 36 - (-6 - 0)
13
(11 - 10) + 2 - 17
-14
What is -44 - -2 - (-32 + -12 + 33)?
-31
-5 - (-3 - (10 + -3 + 0) - 4)
9
Evaluate 1 - (40 - 15 - 15).
-9
Calculate -16 - 2 - (-19 - -9) - (-4 - -1).
-5
What is the value of -37 + (23 - (-18 + 13))?
-9
Evaluate 10 + -7 - (1 + -5 + 0 + -1).
8
What is the value of 5 + -1 + -1 - (20 - (6 + 8))?
-3
Calculate 1 + -1 + (1 - -1) + 487 + -509.
-20
-8 - (-3 - 2) - -7 - -8
12
What is 1 + 6 - (13 + -37 + 35)?
-4
Calculate 3 + -10 + 29 + 6 + -30.
-2
32 + -6 + 16 - 26
16
8 - (6 + (-3 - 0 - -8))
-3
Evaluate 6 + -15 + 10 + 2 - 0.
3
Evaluate -8 + ((-1 - 3) + -6 - (-46 - -50)).
-22
3 + (14 - 15) + -3
-1
(13 - (6 + 2)) + 3 + 8
16
Calculate 3 + -4 + (0 - 2 - (81 - 99)).
15
What is the value of -17 - (7 - (9 + 7))?
-8
(4 - -2) + 4 + -27 + (10 - 1)
-8
Evaluate (0 - -16 - (-244 + 253)) + 5.
12
Calculate 19 + 0 + -10 + 14 + -13.
10
What is (-65 - -66) + (1 - -8) - 3 - 11?
-4
(8 - (3 - (-3 + 9))) + 24
35
Calculate (-6 + 8 - 0) + 0 + 1 - -1.
4
What is -3 - ((4 - 8 - -3) + -5 + 5)?
-2
Calculate 1 + -3 + 7 - (-32 + 28).
9
Calculate 1 + (-4 - -11) + -9.
-1
Calculate -6 - -11 - 1 - ((18 - 8) + -3).
-3
Calculate 24 + 0 - (-374 - -385).
13
Calculate 0 - (-8 + 26 + -7).
-11
-5 - -7 - (5 - 2) - (71 - 82)
10
What is 0 + 17 + -19 + 12 + 2?
12
-2 + -10 - ((3 - -16) + -40 + 19)
-10
Evaluate -2 - -7 - 8 - -13.
10
Evaluate 4 + (3 - 2 - 5 - -30) + -2.
28
What is -10 - (-14 - (22 - 14 - -4))?
16
(-2 - -2 - (-16 + -11 + 27)) + -4
-4
3 - (-12 + 12) - 21
-18
27 - ((-8 - -11) + 13)
11
Evaluate 1 - (-112 + 118 - (-1 - -18)).
12
Calculate 0 - (-114 + 113 + -11 + 0).
12
(-8 - -1) + 21 - 7
7
What is 18 - (0 - (15 + -23))?
10
What is 10 - ((4 - -2) + -5) - (-3 + 3)?
9
-5 - (3 - 9) - (-1 - 5)
7
Calculate -9 + -1 + 7 + -57 + 55.
-5
What is (-1 - 6 - -11) + 1 + 5?
10
(25 - (16 + 10)) + -18
-19
Evaluate -11 + (-29 + 44 